4*y = 25 - 1. Calculate m(k).
-2
Let p(z) = -21*z**2 - 3*z - 3 + 11*z**2 - 3*z + 11*z**2. Give p(5).
-8
Let b(z) = 3*z - 7. Let y(i) = 5*i - 13. Let r(m) = -7*b(m) + 4*y(m). What is r(8)?
-11
Suppose 3*h + 4 = 1. Suppose 0 = 3*g - 5*g + 4. Let n(w) = 1 + 0*w**3 - 6*w**3 - 2*w**g - 2*w**3. Give n(h).
7
Let w(u) be the second derivative of u**4/4 - u**3/6 - u**2 - 9*u. What is w(-2)?
12
Let f(v) = -2*v**3 + v - 1. Suppose -4*z + 5 = -3. Let m be 63/49 - z/7. What is f(m)?
-2
Let s(y) = y + 1 - 1. Let w(i) = -i**2 + 8*i - 7. Let a be w(6). Suppose 18 + 7 = a*x. Calculate s(x).
5
Let g = 7 - 5. Let t(f) = f**g - 1 - 2*f + 0 - 6*f**2. Give t(-1).
-4
Suppose 7*v = 3*h + 3*v + 7, 2*h + 18 = -4*v. Let d(q) be the second derivative of -5/12*q**4 - 3*q - 1/2*q**3 + 0 - 1/20*q**5 - 7/2*q**2. Give d(h).
8
Let x(s) = -484 + 9*s - s - s**3 - 4*s**2 + 490. What is x(-5)?
-9
Let c(t) = -t + 3. Let d be c(-3). Let s(a) = -3*a - 6. Determine s(d).
-24
Suppose -6*r + 4*r + 10 = 0. Suppose 0 = -6*s + s + r. Let n(w) = -5*w**3 + 2*w - 1. Give n(s).
-4
Suppose 0 = -4*r - 5*o + 28, 5*o - 10 = 3*r + o. Suppose -2 = r*t - 3*t. Let q(x) = 4*x - 2 - 2*x + x + x**t. Give q(-5).
8
Let k(m) = 6*m + 4. Let h(t) = -7*t - 4. Let o(x) = -4*h(x) - 5*k(x). Let c be o(-3). Let p(a) = 2 - a**2 - 2*a + a**3 + 0 + 0. What is p(c)?
2
Let f(s) = -s**3 - s**2. Let d(j) = -3*j**2 + 3*j - 4. Let c(r) = d(r) + f(r). Determine c(-5).
6
Let w(m) = -m**3 + 3*m**2 + m - 1. Let o be w(2). Let h(g) be the third derivative of g**6/120 - g**5/15 - g**4/4 + g**3/3 - 4*g**2. Determine h(o).
-3
Let j(c) = c + 8. Let p(l) = -l**3 - 4*l**2 - 3*l - 4. Let i be p(-3). Let a be 85/(-15) + i/(-6). Calculate j(a).
3
Let l(k) be the second derivative of -k**3 - k. Let v(n) = -n + 9. Let c = -19 - -27. Let w be v(c). Determine l(w).
-6
Let a(h) = -4*h**2 + h. Let o = -4 - -3. What is a(o)?
-5
Let s(k) = -3*k. Let a be s(-1). Suppose 5 = 2*g + a. Let p(u) = 2*u**2 - 4*u + 5. Let l(x) = -2*x**2 + 3*x - 4. Let j(m) = 5*l(m) + 4*p(m). What is j(g)?
-3
Let g(f) = f - 76 + 43 + 41. Calculate g(-11).
-3
Let v(n) = -n**2 - 3*n - 6. Let o be 4 - (5 + -1 + 4). Calculate v(o).
-10
Let w be ((-1)/(1/(-2)))/1. Let u(t) be the first derivative of -3/2*t**2 - t + w. Calculate u(1).
-4
Let f(v) be the second derivative of v**5/20 + v**4/3 - v**3/3 - v**2/2 + 7*v. What is f(-4)?
7
Let j(r) = -r - 4. Let a(x) = -2*x - 7. Let t be a(-6). Suppose t*s + 5 = -20. Calculate j(s).
1
Let w(y) be the third derivative of y**5/60 + y**4/6 - 5*y**3/6 + 3*y**2. Suppose -5*u = 4*b + 29, 5*u = 2*b - 4*b - 27. What is w(u)?
0
Let z(i) = i + 6. Let s be z(-4). Let w(r) = -r**2 - 1. What is w(s)?
-5
Let d(j) = 6*j**3 + 6*j**2 + j + 7. Let i(y) = -y**3 + y. Let k(w) = -d(w) - 5*i(w). Suppose 5*s + 10 = -4*b - 0*s, -19 = 3*b - 2*s. Determine k(b).
-2
Let c(q) = q - 4 + 3 + 1 + 4. Calculate c(-5).
-1
Suppose 8*w = 3*w + 15. Suppose -2*z - 3*z - 36 = -4*x, -w*x - 2*z + 4 = 0. Let t(k) = -k**2 + 5*k - 5. Give t(x).
-1
Let f(l) = -5*l**2 + 3*l - 4. Let b(u) = 14*u**2 - 9*u + 12. Let w(x) = 4*b(x) + 11*f(x). Determine w(3).
4
Let t(r) be the second derivative of -1/6*r**4 + 0 - 3*r + 1/2*r**2 - 1/3*r**3. Calculate t(1).
-3
Suppose 5*s - 38 = -3*v, -s + 4*v + v + 2 = 0. Let z(o) = -o**2 - 1 + s*o**2 + 0*o**2. Suppose -7*p + 4*p - 2*l + 9 = 0, 0 = -4*p - 5*l + 19. Give z(p).
5
Let k(x) = -2*x + 1. Let f(s) = -s**3 + 5*s**2 - 6*s + 2. Let o be f(2). Give k(o).
-3
Let v(m) = m**3 + 11*m - 2*m - 8*m**2 - 1 - 9. Let h be v(7). Let p(f) = f. What is p(h)?
4
Let w be (1/2)/((-2)/(-12)). Let c = w + 0. Let g = -4 + c. Let a(n) = -n**3 - n**2 + n + 1. What is a(g)?
0
Let f(u) = u**3 + 3*u**2 + 1. Let x = 8 - 6. Suppose -x*m + 2 = -3*m. Calculate f(m).
5
Let b(s) = -s**3 - s**2 + s - 1. Let r(i) = i**3 + 7*i**2 + 5*i - 1. Let w(y) = -2*b(y) - r(y). Let l be 12/(-7)*(364/(-8))/13. What is w(l)?
-3
Let t(h) = 3*h - 1. Suppose 6*l - 20 = 2*l. Suppose j + 2 = l*y - 11, -5*j = -5*y + 5. Determine t(y).
8
Let w(u) = u**2 + 6*u + 3. Let h(z) = -2*z**2 - 7*z - 2. Let l(y) = 2*h(y) + 3*w(y). Let c(q) = 5*q**3. Let m = -4 - -5. Let o be c(m). What is l(o)?
0
Let c be (-2 - -1) + 9 + -2. Let p(y) be the third derivative of 3*y**4/8 - 4*y**2. Let j(o) = o. Let z(r) = c*j(r) - p(r). What is z(-1)?
3
Let w(h) = h**3 + 4*h**2 + 3*h + 3. Suppose -b - 2*o = -0*b - 5, 0 = -2*b + 5*o - 26. Give w(b).
3
Let f be 3/9 + (-16)/(-6). Let d(h) be the third derivative of -1/12*h**4 + 1/120*h**6 + 0*h + 0 - 1/15*h**5 - 2*h**2 + 1/2*h**f. Calculate d(4).
-5
Let a be (-1)/3*(-6 + -18). Let f(v) = -v**2 + 7*v + 9. Calculate f(a).
1
Let r(d) be the second derivative of -d**4/3 + d**3/2 - 3*d**2/2 + 2*d. Suppose 2*j = -4*h + 4, -7*h + 3*h = 0. Give r(j).
-13
Let h be (-4 + 6)/(6/9). Suppose -2*a + 11 = -t, -h*a + 6*a = -2*t + 13. Let v(s) be the third derivative of -s**5/60 + s**4/4 - s**3/3 - s**2. Give v(a).
3
Let l(x) be the second derivative of x**2 - 1/3*x**3 + 0 + 7*x. Give l(-4).
10
Let k(r) = r**2 + 10*r - 16. Let f be k(-11). Let g(w) = w**3 + 4*w**2 - 4*w + 1. Determine g(f).
-4
Let u(s) be the second derivative of -5*s**3/6 - s**2/2 + s. Let y = -141 + 142. Give u(y).
-6
Let b(v) = -v**2 + 5*v + 4. Let h be b(5). Let f(c) = 2*c - 4 + c**2 - 2*c**2 + h*c**3 + 0*c**3 + 3. Calculate f(1).
4
Let y = 4 + -2. Let g(i) = 1 - 2*i**2 + y*i**2 - 3*i + 2*i**2. Let l = 12 - 10. Calculate g(l).
3
Let y(v) = -28*v**3 - 3*v**2 + 2 + 29*v**3 + 4*v**2. Give y(0).
2
Let g(c) = 2*c**3 + 11*c**2 - 14*c - 10. Let y(u) = -u**3 - 6*u**2 + 7*u + 5. Let j(p) = 3*g(p) + 5*y(p). Determine j(-4).
7
Suppose 33 = -3*n - 5*x, -21 = 3*n + 2*x - x. Let i be 348/72 - 1/(-6). Let a(z) = -z + i - 2*z + 2*z + 2*z. Determine a(n).
-1
Let w(m) = m + 83*m**3 + 89*m**3 + 4 - m**2 - 171*m**3. Give w(0).
4
Let u be -2*1/2 + -1. Let k(y) = -y - 3. Let l be k(u). Let q(p) be the second derivative of p**5/2 + p**4/6 + p**3/3 + p**2/2 - 3*p. Calculate q(l).
-9
Let w be (-4)/30 - (-6)/45. Let h(s) = -s**2 - 2*s + 2. Let t(z) = 4*z**2 + 9*z - 8. Let i(a) = -9*h(a) - 2*t(a). What is i(w)?
-2
Let u(p) = p + 4. Let g = -16 - -19. Give u(g).
7
Suppose n - 112 = -3*n. Suppose -3*t - 5*l = n, -21 = t - l + 5*l. Let o(f) be the third derivative of f**4/24 - f**3/6 + f**2. Calculate o(t).
-2
Let u(b) = 5*b**3 + 3*b - 2. Let i be u(1). Let a(y) = -4*y + 9. Give a(i).
-15
Suppose -2 = -a + 1. Let g(c) = -2*c - 4*c**3 + 11*c**2 - 5 + 8*c**a - c. Let m(x) = -3*x**3 - 10*x**2 + 3*x + 5. Let w(y) = 4*g(y) + 5*m(y). What is w(5)?
-5
Let o(b) = -b**3 - 2*b + 4. Let t(c) = 2*c**3 + 5*c - 9. Let y(w) = 9*o(w) + 4*t(w). Let z be (3/(-2))/(6/8). What is y(z)?
4
Suppose -2*c + 2*u + 12 = 0, 0 = 3*c + 2*c - 2*u - 42. Let p(f) = -f + 10. Let l be p(c). Let b(s) = s**2 - 5. What is b(l)?
-5
Suppose -2*i + i = 2*z + 17, 0 = 3*z + 4*i + 38. Let w(m) = m**3 + 5*m**2 - 7*m - 5. Calculate w(z).
1
Let k(z) = 4*z + 1. Let u(t) = t. Let y(m) = -m**2 - 9*m - 3. Let x be y(-9). Let a be x*3*2/18. Let r(o) = a*k(o) + 3*u(o). Calculate r(0).
-1
Let m(p) = p**3 - p. Let g(s) = -6*s**3 + 3*s**2 + 7*s - 4. Suppose -2*d - 1 = -11. Let v(y) = d*m(y) + g(y). Determine v(3).
2
Let y(u) = 5*u**2 - 2*u - 6. Let g(m) = -4*m**2 + 2*m + 5. Let n(k) = -6*g(k) - 5*y(k). Give n(-4).
-8
Let n be 2/8 + 14/8. Let u(c) = 6*c**2 - 5*c**2 - c**2 + 2*c**n - 1 + 5*c**3. Let p(g) = -g**3 + g + 1. Let w be p(0). Give u(w).
6
Let t(j) = j - 4*j - 10*j. Let x(z) = -84*z. Let n be ((-10)/6)/((-1)/(-3)). Let p(c) = n*x(c) + 32*t(c). Determine p(1).
4
Let p(n) = 3*n**2 - 3*n - 3. Suppose -4*w + 13 = 1. Let u = -5 + w. Determine p(u).
15
Let f(t) = -t + 13. Suppose -4*o + 5*b - 21 = 8, -5*b - 48 = 3*o. Let w(a) = -a + 7. Let i(r) = o*w(r) + 6*f(r). Calculate i(2).
11
Let a(l) be the second derivative of -7*l**5/10 - l**4/6 + l**2/2 - 5*l. Determine a(1).
-15
Let z(s) = -s**2 - 3*s + 3. Let c(j) = -4*j**2 - 10*j + 8. Let u(i) = 2*c(i) - 7*z(i). Give u(-4).
-25
Let j(s) = -2*s - 7*s**2 + 3*s + s**3 - 10 + 1. Let m be j(7). Let f(p) = -2*p**2 - 2*p + 1. Give f(m).
-3
Let g be (-1 - -2)*(9 + -4). Let k(z) be the first derivative of -1 - 6*z - 1/4*z**4 - 2*z**2 + 2*z**3. Give k(g).
-1
Let w(o) = -8*o**2 - 15*o - 9. Let i(x) = 4*x**2 + 7*x + 4. Let v(j) = j - 12. Let s be v(6). Let a(l) = s*w(l)